{"id":1637,"date":"2024-04-10T11:18:54","date_gmt":"2024-04-10T11:18:54","guid":{"rendered":"https:\/\/residenciadesertsarria.com\/historia\/"},"modified":"2024-11-07T12:16:14","modified_gmt":"2024-11-07T12:16:14","slug":"historia","status":"publish","type":"page","link":"https:\/\/residenciadesertsarria.com\/es\/historia\/","title":{"rendered":"Historia"},"content":{"rendered":"<div class=\"wpb-content-wrapper\"><p>[vc_row css_animation=\u00bbelement_from_bottom\u00bb row_type=\u00bbrow\u00bb use_row_as_full_screen_section=\u00bbno\u00bb type=\u00bbgrid\u00bb angled_section=\u00bbno\u00bb text_align=\u00bbleft\u00bb background_image_as_pattern=\u00bbwithout_pattern\u00bb z_index=\u00bb\u00bb][vc_column][vc_empty_space height=\u00bb90&#8243;][vc_column_text]<\/p>\n<h1 class=\"tituloPadding\" style=\"text-align: center;\"><span style=\"color: #8f4b56;\"><span style=\"color: #777676;\">NUESTRA HISTORIA<\/span><\/span><\/h1>\n<p>[\/vc_column_text][vc_separator type=\u00bbnormal\u00bb color=\u00bb#8bc4f7&#8243; thickness=\u00bb1,5&#8243;][\/vc_column][\/vc_row][vc_row css_animation=\u00bb\u00bb row_type=\u00bbrow\u00bb use_row_as_full_screen_section=\u00bbno\u00bb type=\u00bbgrid\u00bb angled_section=\u00bbno\u00bb text_align=\u00bbleft\u00bb background_image_as_pattern=\u00bbwithout_pattern\u00bb z_index=\u00bb\u00bb][vc_column][vc_empty_space height=\u00bb32&#8243;][vc_column_text]Dicen que en el Desierto de Sarri\u00e0 naci\u00f3 Santa Eulalia, en la \u00e9poca romana, de eso no tenemos ninguna certeza. Lo que s\u00ed sabemos es que en 1578 Joan Terre cedi\u00f3 la finca a los capuchinos que estuvieron, en un convento rodeado de bosques, hasta la desamortizaci\u00f3n de 1835 y la m\u00e1rtir tuvo una capilla.<\/p>\n<p>&nbsp;<\/p>\n<p>Devastado durante las revueltas de mediados del XIX el convento fue vendido a unos ingleses que le convirtieron en una torre residencial rodeada de un extenso jard\u00edn boscoso.<\/p>\n<p>&nbsp;<\/p>\n<p>Poco tiempo despu\u00e9s pas\u00f3 a manos del industrial textil\u00a0\u201cPepe\u201d Sert, que encarg\u00f3 al arquitecto\u00a0Josep Amarg\u00f3s\u00a0su reforma para convertirlo en el Instituto del Desierto de Sarri\u00e0, un asilo para obreros mutilados que se va inaugur\u00f3 en 1894.<\/p>\n<p>&nbsp;<\/p>\n<p>En esta zona boscosa que separa Barcelona de Sarri\u00e0 se celebr\u00f3 en 1905 la primera Fiesta Nacional Catalana, con la presencia de agrupaciones pol\u00edticas y culturales, la asistencia de m\u00e1s de 5000 personas, discurso de Santiago Rusi\u00f1ol y Canto de los Segadores\u00a0por parte de todo el p\u00fablico.<\/p>\n<p>&nbsp;<\/p>\n<p>Aunque dividido por la Ronda de Dalt, el Desert\u00a0sigue siendo a d\u00eda de hoy, un peque\u00f1o bosque en medio de la ciudad y el actual\u00a0 <span style=\"color: #cbe0f2;\"><strong><span style=\"color: #8bc4f7;\">Institut del Desert de Sarri\u00e0<\/span> <\/strong><\/span>construido hace unos treinta a\u00f1os en la misma finca, todav\u00eda tiene una capilla con vidrieras de colores dedicada a Santa Eulalia.[\/vc_column_text][vc_empty_space height=\u00bb60px\u00bb][\/vc_column][\/vc_row][vc_row css_animation=\u00bb\u00bb row_type=\u00bbrow\u00bb use_row_as_full_screen_section=\u00bbno\u00bb type=\u00bbfull_width\u00bb angled_section=\u00bbno\u00bb text_align=\u00bbleft\u00bb background_image_as_pattern=\u00bbwithout_pattern\u00bb z_index=\u00bb\u00bb background_image=\u00bb1125&#8243;][vc_column][vc_empty_space height=\u00bb150&#8243;][vc_column_text]<\/p>\n<div style=\"text-align: center;\">\n<h2 style=\"background: #ffffffe8; display: inline-block; padding: 0px 10px;\"><span style=\"color: #777676;\">QU\u00c9 OFRECEMOS<\/span><\/h2>\n<p><a class=\"qbutton medium center enlarge\" style=\"color: #ffffff; border-color: #777676; background-color: #777676; padding-left: 23px; padding-right: 23px; margin-top: 20px;\" href=\"https:\/\/residenciadesertsarria.com\/es\/que-ofrecemos\/\" target=\"_self\" rel=\"noopener\" data-hover-background-color=\"#99B1C6\" data-hover-border-color=\"#99B1C6\" data-hover-color=\"#ffffff\">VER \u00bb<\/a><\/p>\n<\/div>\n<p>[\/vc_column_text][vc_empty_space height=\u00bb150&#8243;][\/vc_column][\/vc_row]<\/p>\n<\/div>","protected":false},"excerpt":{"rendered":"<p>[vc_row css_animation=\u00bbelement_from_bottom\u00bb row_type=\u00bbrow\u00bb use_row_as_full_screen_section=\u00bbno\u00bb type=\u00bbgrid\u00bb angled_section=\u00bbno\u00bb text_align=\u00bbleft\u00bb background_image_as_pattern=\u00bbwithout_pattern\u00bb z_index=\u00bb\u00bb][vc_column][vc_empty_space height=\u00bb90&#8243;][vc_column_text] NUESTRA HISTORIA [\/vc_column_text][vc_separator type=\u00bbnormal\u00bb color=\u00bb#8bc4f7&#8243; thickness=\u00bb1,5&#8243;][\/vc_column][\/vc_row][vc_row css_animation=\u00bb\u00bb row_type=\u00bbrow\u00bb use_row_as_full_screen_section=\u00bbno\u00bb type=\u00bbgrid\u00bb angled_section=\u00bbno\u00bb text_align=\u00bbleft\u00bb background_image_as_pattern=\u00bbwithout_pattern\u00bb z_index=\u00bb\u00bb][vc_column][vc_empty_space height=\u00bb32&#8243;][vc_column_text]Dicen que en el Desierto de Sarri\u00e0 naci\u00f3 Santa Eulalia, en la \u00e9poca romana, de eso no tenemos ninguna certeza. Lo&#8230;<\/p>\n","protected":false},"author":2,"featured_media":0,"parent":0,"menu_order":0,"comment_status":"closed","ping_status":"closed","template":"full_width.php","meta":{"footnotes":""},"class_list":["post-1637","page","type-page","status-publish","hentry"],"_links":{"self":[{"href":"https:\/\/residenciadesertsarria.com\/es\/wp-json\/wp\/v2\/pages\/1637","targetHints":{"allow":["GET"]}}],"collection":[{"href":"https:\/\/residenciadesertsarria.com\/es\/wp-json\/wp\/v2\/pages"}],"about":[{"href":"https:\/\/residenciadesertsarria.com\/es\/wp-json\/wp\/v2\/types\/page"}],"author":[{"embeddable":true,"href":"https:\/\/residenciadesertsarria.com\/es\/wp-json\/wp\/v2\/users\/2"}],"replies":[{"embeddable":true,"href":"https:\/\/residenciadesertsarria.com\/es\/wp-json\/wp\/v2\/comments?post=1637"}],"version-history":[{"count":5,"href":"https:\/\/residenciadesertsarria.com\/es\/wp-json\/wp\/v2\/pages\/1637\/revisions"}],"predecessor-version":[{"id":1678,"href":"https:\/\/residenciadesertsarria.com\/es\/wp-json\/wp\/v2\/pages\/1637\/revisions\/1678"}],"wp:attachment":[{"href":"https:\/\/residenciadesertsarria.com\/es\/wp-json\/wp\/v2\/media?parent=1637"}],"curies":[{"name":"wp","href":"https:\/\/api.w.org\/{rel}","templated":true}]}}

<div class="wpb-content-wrapper"><p>[vc_row css_animation=»element_from_bottom» row_type=»row» use_row_as_full_screen_section=»no» type=»grid» angled_section=»no» text_align=»left» background_image_as_pattern=»without_pattern» z_index=»»][vc_column][vc_empty_space height=»90&#8243;][vc_column_text]</p>
<h1 class="tituloPadding" style="text-align: center;"><span style="color: #8f4b56;"><span style="color: #777676;">NUESTRA HISTORIA</span></span></h1>
<p>[/vc_column_text][vc_separator type=»normal» color=»#8bc4f7&#8243; thickness=»1,5&#8243;][/vc_column][/vc_row][vc_row css_animation=»» row_type=»row» use_row_as_full_screen_section=»no» type=»grid» angled_section=»no» text_align=»left» background_image_as_pattern=»without_pattern» z_index=»»][vc_column][vc_empty_space height=»32&#8243;][vc_column_text]Dicen que en el Desierto de Sarrià nació Santa Eulalia, en la época romana, de eso no tenemos ninguna certeza. Lo que sí sabemos es que en 1578 Joan Terre cedió la finca a los capuchinos que estuvieron, en un convento rodeado de bosques, hasta la desamortización de 1835 y la mártir tuvo una capilla.</p>
<p>&nbsp;</p>
<p>Devastado durante las revueltas de mediados del XIX el convento fue vendido a unos ingleses que le convirtieron en una torre residencial rodeada de un extenso jardín boscoso.</p>
<p>&nbsp;</p>
<p>Poco tiempo después pasó a manos del industrial textil “Pepe” Sert, que encargó al arquitecto Josep Amargós su reforma para convertirlo en el Instituto del Desierto de Sarrià, un asilo para obreros mutilados que se va inauguró en 1894.</p>
<p>&nbsp;</p>
<p>En esta zona boscosa que separa Barcelona de Sarrià se celebró en 1905 la primera Fiesta Nacional Catalana, con la presencia de agrupaciones políticas y culturales, la asistencia de más de 5000 personas, discurso de Santiago Rusiñol y Canto de los Segadores por parte de todo el público.</p>
<p>&nbsp;</p>
<p>Aunque dividido por la Ronda de Dalt, el Desert sigue siendo a día de hoy, un pequeño bosque en medio de la ciudad y el actual  <span style="color: #cbe0f2;"><strong><span style="color: #8bc4f7;">Institut del Desert de Sarrià</span> </strong></span>construido hace unos treinta años en la misma finca, todavía tiene una capilla con vidrieras de colores dedicada a Santa Eulalia.[/vc_column_text][vc_empty_space height=»60px»][/vc_column][/vc_row][vc_row css_animation=»» row_type=»row» use_row_as_full_screen_section=»no» type=»full_width» angled_section=»no» text_align=»left» background_image_as_pattern=»without_pattern» z_index=»» background_image=»1125&#8243;][vc_column][vc_empty_space height=»150&#8243;][vc_column_text]</p>
<div style="text-align: center;">
<h2 style="background: #ffffffe8; display: inline-block; padding: 0px 10px;"><span style="color: #777676;">QUÉ OFRECEMOS</span></h2>
<p><a class="qbutton medium center enlarge" style="color: #ffffff; border-color: #777676; background-color: #777676; padding-left: 23px; padding-right: 23px; margin-top: 20px;" href="https://residenciadesertsarria.com/es/que-ofrecemos/" target="_self" rel="noopener" data-hover-background-color="#99B1C6" data-hover-border-color="#99B1C6" data-hover-color="#ffffff">VER »</a></p>
</div>
<p>[/vc_column_text][vc_empty_space height=»150&#8243;][/vc_column][/vc_row]</p>
</div>

<p>[vc_row css_animation=»element_from_bottom» row_type=»row» use_row_as_full_screen_section=»no» type=»grid» angled_section=»no» text_align=»left» background_image_as_pattern=»without_pattern» z_index=»»][vc_column][vc_empty_space height=»90&#8243;][vc_column_text] NUESTRA HISTORIA [/vc_column_text][vc_separator type=»normal» color=»#8bc4f7&#8243; thickness=»1,5&#8243;][/vc_column][/vc_row][vc_row css_animation=»» row_type=»row» use_row_as_full_screen_section=»no» type=»grid» angled_section=»no» text_align=»left» background_image_as_pattern=»without_pattern» z_index=»»][vc_column][vc_empty_space height=»32&#8243;][vc_column_text]Dicen que en el Desierto de Sarrià nació Santa Eulalia, en la época romana, de eso no tenemos ninguna certeza. Lo&#8230;</p>
